 the hundred thousands digit of 140473021?
4
What is the ten thousands digit of 317106187?
0
What is the ten millions digit of 48187595?
4
What is the ten thousands digit of 588872393?
7
What is the thousands digit of 39776242?
6
What is the ten millions digit of 535831886?
3
What is the millions digit of 125730368?
5
What is the units digit of 743201617?
7
What is the ten thousands digit of 876942342?
4
What is the units digit of 1094587282?
2
What is the tens digit of 114294998?
9
What is the hundreds digit of 6904468867?
8
What is the hundreds digit of 293516206?
2
What is the hundred thousands digit of 2564564021?
5
What is the hundred millions digit of 693620632?
6
What is the billions digit of 2878690944?
2
What is the millions digit of 45702914?
5
What is the billions digit of 1201127396?
1
What is the hundreds digit of 222611419?
4
What is the hundred thousands digit of 164316083?
3
What is the thousands digit of 25085669?
5
What is the millions digit of 156139643?
6
What is the hundreds digit of 2778556661?
6
What is the ten millions digit of 721913416?
2
What is the tens digit of 682029933?
3
What is the tens digit of 35736685?
8
What is the hundred thousands digit of 37184648?
1
What is the hundred millions digit of 434403444?
4
What is the ten thousands digit of 51441604?
4
What is the hundreds digit of 237203491?
4
What is the hundred millions digit of 2498314796?
4
What is the ten thousands digit of 1233317?
3
What is the millions digit of 871341181?
1
What is the ten millions digit of 681350910?
8
What is the thousands digit of 22590231?
0
What is the ten thousands digit of 103611235?
1
What is the hundred millions digit of 2281433349?
2
What is the millions digit of 305935139?
5
What is the ten millions digit of 769148707?
6
What is the tens digit of 734585647?
4
What is the ten millions digit of 820079798?
2
What is the ten millions digit of 49049902?
4
What is the ten thousands digit of 4443177218?
7
What is the hundred thousands digit of 53178855?
1
What is the ten thousands digit of 45943199?
4
What is the units digit of 1294000664?
4
What is the thousands digit of 86487810?
7
What is the hundred thousands digit of 222350820?
3
What is the hundreds digit of 58114323?
3
What is the tens digit of 53855050?
5
What is the billions digit of 1527135385?
1
What is the thousands digit of 65683414?
3
What is the tens digit of 8800047834?
3
What is the thousands digit of 944569300?
9
What is the millions digit of 235818264?
5
What is the hundred thousands digit of 365857937?
8
What is the millions digit of 76741381?
6
What is the millions digit of 45338079?
5
What is the tens digit of 33573253?
5
What is the millions digit of 3602310792?
2
What is the hundred thousands digit of 49962347?
9
What is the hundreds digit of 1198926810?
8
What is the millions digit of 166544736?
6
What is the units digit of 12024760?
0
What is the tens digit of 15597262?
6
What is the tens digit of 44671517?
1
What is the ten thousands digit of 803896473?
9
What is the hundred thousands digit of 163345586?
3
What is the units digit of 1425441813?
3
What is the tens digit of 4446530413?
1
What is the tens digit of 422248283?
8
What is the ten thousands digit of 1058986592?
8
What is the hundreds digit of 154135230?
2
What is the hundreds digit of 1525741929?
9
What is the tens digit of 24713929?
2
What is the ten millions digit of 218875450?
1
What is the ten thousands digit of 262927297?
2
What is the hundreds digit of 4201354126?
1
What is the ten thousands digit of 2703078031?
7
What is the ten thousands digit of 906621411?
2
What is the units digit of 145890014?
4
What is the ten thousands digit of 37603331?
0
What is the millions digit of 420862504?
0
What is the ten millions digit of 438172819?
3
What is the hundreds digit of 72290787?
7
What is the millions digit of 436704438?
6
What is the units digit of 162178125?
5
What is the tens digit of 30757338?
3
What is the millions digit of 68520297?
8
What is the millions digit of 3358940629?
8
What is the tens digit of 128913995?
9
What is the tens digit of 14284456?
5
What is the thousands digit of 104403056?
3
What is the ten millions digit of 47728925?
4
What is the hundreds digit of 24522634?
6
What is the tens digit of 1469375901?
0
What is the thousands digit of 3083764653?
4
What is the tens digit of 522393578?
7
What is the hundred millions digit of 319596802?
3
What is the units digit of 915140023?
3
What is the hundreds digit of 60283952?
9
What is the hundred thousands digit of 27424305?
4
What is the thousands digit of 68460940?
0
What is the tens digit of 1998602022?
2
What is the hundred thousands digit of 31692691?
6
What is the thousands digit of 4733776469?
6
What is the ten millions digit of 90062758?
9
What is the thousands digit of 472471688?
1
What is the units digit of 63573671?
1
What is the hundred millions digit of 760524705?
7
What is the units digit of 2870724693?
3
What is the millions digit of 396158871?
6
What is the tens digit of 2195420949?
4
What is the millions digit of 59243947?
9
What is the units digit of 65232979?
9
What is the ten millions digit of 1693386014?
9
What is the billions digit of 2460517864?
2
What is the tens digit of 157873496?
9
What is the tens digit of 184633124?
2
What is the hundred millions digit of 829176244?
8
What is the hundreds digit of 102494337?
3
What is the hundred thousands digit of 1869698646?
6
What is the millions digit of 2480143290?
0
What is the units digit of 2440813989?
9
What is the ten millions digit of 283490045?
8
What is the hundred thousands digit of 490289497?
2
What is the hundred thousands digit of 812337273?
3
What is the thousands digit of 3208905519?
5
What is the tens digit of 12510523?
2
What is the millions digit of 1123739567?
3
What is the hundred thousands digit of 255285285?
2
What is the hundred millions digit of 134561648?
1
What is the millions digit of 95152530?
5
What is the tens digit of 5165806?
0
What is the ten thousands digit of 8495930?
9
What is the tens digit of 71861708?
0
What is the hundreds digit of 667163504?
5
What is the ten millions digit of 109127087?
0
What is the hundred thousands digit of 3041274956?
2
What is the hundreds digit of 190296056?
0
What is the millions digit of 39941937?
9
What is the ten thousands digit of 24342165?
4
What is the hundreds digit of 144377302?
3
What is the hundred millions digit of 173451720?
1
What is the tens digit of 5521328913?
1
What is the tens digit of 107254422?
2
What is the thousands digit of 227816573?
6
What is the hundreds digit of 691627?
6
What is the ten thousands digit of 72035505?
3
What is the ten millions digit of 2277542378?
7
What is the ten millions digit of 23998806?
2
What is the ten millions digit of 63242763?
6
What is the ten millions digit of 21386898?
2
What is the units digit of 180203139?
9
What is the hundred thousands digit of 81009314?
0
What is the tens digit of 38789905?
0
What is the hundred thousands digit of 1607950098?
9
What is the ten millions digit of 13582271?
1
What is the ten millions digit of 914133878?
1
What is the hundred millions digit of 3668754250?
6
What is the billions digit of 4348187923?
4
What is the hundred millions digit of 439216367?
4
What is the hundred millions digit of 170606858?
1
What is the billions digit of 2775925237?
2
What is the tens digit of 2479342853?
5
What is the thousands digit of 325030354?
0
What is the ten thousands digit of 250662636?
6
What is the hundred thousands digit of 178360273?
3
What is the millions digit of 39628673?
9
What is the millions digit of 43884382?
3
What is the tens digit of 74956046?
4
What is the tens digit of 40292206?
0
What is the tens digit of 23728563?
6
What is the hundred millions digit of 415618809?
4
What is the ten thousands digit of 63474699?
7
What is the tens digit of 1329133282?
8
What is the hundred thousands digit of 307400995?
4
What is the hundred millions digit of 759651947?
7
What is the thousands digit of 485709026?
9
What is the billions digit of 3046310436?
3
What is the tens digit of 84400591?
9
What is the hundred millions digit of 700625587?
7
What is the millions digit of 1122036808?
2
What is the ten millions digit of 